rs of 41360?
2, 5, 11, 47
List the prime factors of 25648.
2, 7, 229
List the prime factors of 3700.
2, 5, 37
What are the prime factors of 22300?
2, 5, 223
What are the prime factors of 22043?
7, 47, 67
List the prime factors of 5164.
2, 1291
What are the prime factors of 6152?
2, 769
What are the prime factors of 905?
5, 181
What are the prime factors of 191654?
2, 79, 1213
List the prime factors of 4142.
2, 19, 109
List the prime factors of 131723.
157, 839
What are the prime factors of 168?
2, 3, 7
What are the prime factors of 167056?
2, 53, 197
List the prime factors of 29250.
2, 3, 5, 13
List the prime factors of 4134.
2, 3, 13, 53
What are the prime factors of 892?
2, 223
List the prime factors of 138985.
5, 7, 11, 19
What are the prime factors of 41411?
41411
List the prime factors of 12637.
12637
What are the prime factors of 791?
7, 113
List the prime factors of 119673.
3, 13297
What are the prime factors of 588?
2, 3, 7
List the prime factors of 2679.
3, 19, 47
List the prime factors of 96374.
2, 48187
What are the prime factors of 5700?
2, 3, 5, 19
List the prime factors of 14848.
2, 29
What are the prime factors of 468?
2, 3, 13
List the prime factors of 25667.
25667
What are the prime factors of 1785?
3, 5, 7, 17
What are the prime factors of 7917?
3, 7, 13, 29
List the prime factors of 2130.
2, 3, 5, 71
List the prime factors of 106909.
11, 9719
What are the prime factors of 11752?
2, 13, 113
List the prime factors of 33547.
33547
List the prime factors of 53379.
3, 659
List the prime factors of 182.
2, 7, 13
List the prime factors of 16788.
2, 3, 1399
List the prime factors of 1144.
2, 11, 13
What are the prime factors of 1443?
3, 13, 37
List the prime factors of 663.
3, 13, 17
What are the prime factors of 1707?
3, 569
List the prime factors of 133301.
7, 137, 139
List the prime factors of 1706.
2, 853
List the prime factors of 2348.
2, 587
List the prime factors of 4821.
3, 1607
What are the prime factors of 3127?
53, 59
What are the prime factors of 18979?
18979
What are the prime factors of 3186?
2, 3, 59
What are the prime factors of 1153?
1153
What are the prime factors of 11426?
2, 29, 197
List the prime factors of 9001.
9001
What are the prime factors of 21196?
2, 7, 757
List the prime factors of 36592.
2, 2287
What are the prime factors of 9966?
2, 3, 11, 151
List the prime factors of 126505.
5, 25301
What are the prime factors of 308?
2, 7, 11
List the prime factors of 46984.
2, 7, 839
What are the prime factors of 450?
2, 3, 5
What are the prime factors of 14400?
2, 3, 5
What are the prime factors of 10198?
2, 5099
List the prime factors of 19050.
2, 3, 5, 127
List the prime factors of 2490.
2, 3, 5, 83
List the prime factors of 3760.
2, 5, 47
What are the prime factors of 103225?
5, 4129
What are the prime factors of 139?
139
List the prime factors of 1052.
2, 263
What are the prime factors of 5616?
2, 3, 13
List the prime factors of 88857.
3, 1097
What are the prime factors of 266?
2, 7, 19
What are the prime factors of 9396?
2, 3, 29
What are the prime factors of 106931?
11, 9721
List the prime factors of 548.
2, 137
What are the prime factors of 29826?
2, 3, 1657
List the prime factors of 1937.
13, 149
What are the prime factors of 4494?
2, 3, 7, 107
What are the prime factors of 133?
7, 19
What are the prime factors of 1793?
11, 163
List the prime factors of 19820.
2, 5, 991
List the prime factors of 601.
601
List the prime factors of 7907.
7907
What are the prime factors of 33663?
3, 7, 229
What are the prime factors of 4277?
7, 13, 47
List the prime factors of 1299.
3, 433
What are the prime factors of 2803?
2803
List the prime factors of 25722.
2, 3, 1429
List the prime factors of 54154.
2, 27077
What are the prime factors of 4415?
5, 883
What are the prime factors of 1438?
2, 719
What are the prime factors of 19732?
2, 4933
List the prime factors of 619.
619
List the prime factors of 26664.
2, 3, 11, 101
What are the prime factors of 33415?
5, 41, 163
What are the prime factors of 50695?
5, 10139
List the prime factors of 53300.
2, 5, 13, 41
List the prime factors of 48415.
5, 23, 421
What are the prime factors of 8024?
2, 17, 59
List the prime factors of 81505.
5, 16301
List the prime factors of 8492.
2, 11, 193
List the prime factors of 1464.
2, 3, 61
What are the prime factors of 537?
3, 179
List the prime factors of 1490.
2, 5, 149
What are the prime factors of 30225?
3, 5, 13, 31
What are the prime factors of 6880?
2, 5, 43
List the prime factors of 69187.
43, 1609
What are the prime factors of 210?
2, 3, 5, 7
What are the prime factors of 2658?
2, 3, 443
What are the prime factors of 43573?
43573
What are the prime factors of 4355?
5, 13, 67
List the prime factors of 133982.
2, 31, 2161
What are the prime factors of 1005?
3, 5, 67
What are the prime factors of 107?
107
List the prime factors of 6367.
6367
List the prime factors of 7132.
2, 1783
List the prime factors of 625.
5
What are the prime factors of 5991?
3, 1997
What are the prime factors of 5408?
2, 13
List the prime factors of 13376.
2, 11, 19
What are the prime factors of 20202?
2, 3, 7, 13, 37
What are the prime factors of 1256?
2, 157
What are the prime factors of 11867?
11867
What are the prime factors of 13030?
2, 5, 1303
List the prime factors of 47598.
2, 3, 7933
List the prime factors of 695.
5, 139
What are the prime factors of 458?
2, 229
What are the prime factors of 2489?
19, 131
List the prime factors of 119.
7, 17
List the prime factors of 32519.
31, 1049
What are the prime factors of 2383?
2383
What are the prime factors of 704?
2, 11
What are the prime factors of 152373?
3, 13, 3907
List the prime factors of 33600.
2, 3, 5, 7
What are the prime factors of 11347?
7, 1621
List the prime factors of 2018.
2, 1009
List the prime factors of 3124.
2, 11, 71
What are the prime factors of 694?
2, 347
What are the prime factors of 203137?
11, 59, 313
What are the prime factors of 192?
2, 3
What are the prime factors of 11098?
2, 31, 179
List the prime factors of 167.
167
List the prime factors of 90651.
3, 11, 41, 67
List the prime factors of 5610.
2, 3, 5, 11, 17
List the prime factors of 2607.
3, 11, 79
What are the prime factors of 27831?
3, 9277
List the prime factors of 23475.
3, 5, 313
What are the prime factors of 1861?
1861
What are the prime factors of 74422?
2, 127, 293
List the prime factors of 4355.
5, 13, 67
What are the prime factors of 80873?
13, 6221
What are the prime factors of 1783?
1783
What are the prime factors of 80187?
3, 26729
What are the prime factors of 995?
5, 199
What are the prime factors of 712?
2, 89
List the prime factors of 9229.
11, 839
List the prime factors of 27534.
2, 3, 13, 353
List the prime factors of 5239.
13, 31
List the prime factors of 22744.
2, 2843
List the prime factors of 17870.
2, 5, 1787
What are the prime factors of 3805?
5, 761
What are the prime factors of 1254?
2, 3, 11, 19
List the prime factors of 28492.
2, 17, 419
List the prime factors of 37849.
7, 5407
What are the prime factors of 74183?
31, 2393
What are the prime factors of 478?
2, 239
What are the prime factors of 2782?
2, 13, 107
What are the prime factors of 52875?
3, 5, 47
List the prime factors of 10859.
10859
List the prime factors of 129768.
2, 3, 5407
List the prime factors of 11524.
2, 43, 67
What are the prime factors of 36053?
31, 1163
List the prime factors of 314.
2, 157
List the prime factors of 5037.
3, 23, 73
List the prime factors of 3625.
5, 29
What are the prime factors of 3854?
2, 41, 47
List the prime factors of 8385.
3, 5, 13, 43
What are the prime factors of 9289?
7, 1327
List the prime factors of 111.
3, 37
List the prime factors of 53790.
2, 3, 5, 11, 163
List the prime factors of 2571.
3, 857
What are the prime factors of 69075?
3, 5, 307
List the prime factors of 1346.
2, 673
List the prime factors of 18513.
3, 11, 17
What are the prime factors of 31629?
3, 13, 811
List the prime factors of 46547.
89, 523
What are the prime factors of 61152?
2, 3, 7, 13
List the prime factors of 55305.
3, 5, 1229
List the prime factors of 22005.
3, 5, 163
What are the prime factors of 1249?
1249
What are the prime factors of 67627?
7, 9661
What are the prime factors of 1613?
1613
What are the prime factors 